 b(p) + l(p). Calculate j(-4).
5
Suppose 2*h = 3 + 9. Suppose -h*b = -2*b - 12. Let q(n) = -n + 3. Let m(x) = -3*x + 7. Let t(u) = -2*m(u) + 5*q(u). What is t(b)?
4
Let t(m) = m**2 - m + 1. Suppose 970 = 5*q + 325. Let l = -89 + q. Let k be 12/10*l/16. Determine t(k).
7
Let j(q) = -q**2 - q - 1. Let a(i) = -i**2 - 29*i - 28. Let f be a(-28). Determine j(f).
-1
Suppose 0 = g + 1 - 2. Let f(b) = -b**3 - b - 1. Let z(m) = -3*m**3 + 2*m**2 - 8*m - 5. Let l(j) = g*z(j) - 4*f(j). What is l(-3)?
2
Let v = -1 + 5. Let o(x) = 7*x + 9. Let r(h) = 6*h + 8. Let u(k) = 5*o(k) - 6*r(k). Calculate u(v).
-7
Suppose 0 = -5*i + 5*f + 10, 5*f + 10 = -5*i - 0*f. Let g(y) be the first derivative of -y**3/3 + 10*y - 1. Give g(i).
10
Let a(n) = -n + 1. Let r be (-6)/7 + 4/(-28). Let z be ((r - -2) + 4)/(-1). What is a(z)?
6
Let c(k) = k**2 - 5*k + 2. Let h = 69 - 66. Give c(h).
-4
Let v(t) = t**3 + 5*t**2 - 2. Let i = 9 - 14. Calculate v(i).
-2
Let n(j) = -j**2 - 3*j - 1. Suppose -3*p - p + 14 = 5*d, -2*d + 8 = 2*p. Let i be ((-12)/(-10))/(p/(-20)). Determine n(i).
-5
Let x(y) = 5*y**2 + y. Let a(n) = -n**2 + 2*n - n - 3*n - 2 + 2*n**2. Let h be a(3). Let t be x(h). Let z(s) = -s + 11. Give z(t).
5
Let o(m) = 2*m**2 + m + 5. Let i be o(0). Let a(g) = 6*g - 17. Let n(l) = -l + 1. Let b(v) = a(v) + 5*n(v). Determine b(i).
-7
Suppose -9 = -5*d - 2*o, d + o + 2 = 5*d. Let i(y) = -y**2 - 1. Let u(w) = -11*w**2 - w - 3. Let t(v) = -3*i(v) + u(v). Calculate t(d).
-9
Let c(d) be the first derivative of d**2/2 - d + 5. Suppose 0 = -3*m + 4*m. Determine c(m).
-1
Let j(m) = -3*m**2 - 8*m + 11. Let d(h) = 4*h**2 + 8*h - 12. Let y(p) = -4*d(p) - 5*j(p). Determine y(6).
5
Let r(y) = y + 1. Let s = 35 + -25. Suppose -5*t = -5*q - 40, 3*q + s = -t - 2*q. Give r(t).
6
Let z(l) = 2*l - 2. Let b(j) = -j - 2. Let w be b(4). Calculate z(w).
-14
Suppose 4*w = 2*a - 6, -5*w + 6 = -4*a + 15. Let q be 0 - 1/(a + 0). Let m(u) = 0 + 1 - 3*u + 8*u. Calculate m(q).
-4
Let g(u) = -4*u + 1. Suppose 0*s - 3*s = -3. What is g(s)?
-3
Let n(m) = -5*m**2 - 2*m + 1. Suppose -2*u + 18 - 22 = 0. Give n(u).
-15
Let r(a) = -5*a + 1. Suppose -3*b + 15 = 2*g, 0*g - 18 = -g - 5*b. Suppose 0 = -f - 5*n - 4, -g*n = -5*f + 6 + 2. Determine r(f).
-4
Let s(r) be the third derivative of -r**6/120 + r**5/12 - r**4/24 + r**3/6 + 18*r**2. What is s(4)?
13
Suppose -f - 4*f = -3*m, -4*m + 29 = 3*f. Let o(t) = 4*t**2 + t + 9. Let w(g) = -5*g**2 - 10. Let u(x) = -6*o(x) - 5*w(x). Determine u(m).
-9
Let m(t) = 5*t**2 - 5*t + 2. Let q(u) = -u**2 + 1. Let b(k) = m(k) + 6*q(k). Give b(-7).
-6
Let h(v) = 4*v - v - 3 + v + 0*v. Let m(j) = -4*j + 4. Let r(u) = 3*h(u) + 2*m(u). Determine r(2).
7
Let p be (2 + -4)/((-1)/(-6)). Let s be (-1)/(-3*2/p). Let o be 2/(-2) + 3 + s. Let g(u) = -u**3 - u**2 + u + 5. What is g(o)?
5
Suppose 2*g = -2*g. Let h(x) be the third derivative of g + 1/60*x**5 + 0*x - 1/24*x**4 + 0*x**3 - 3*x**2. Give h(-2).
6
Let y(q) = -2*q**2 - 1. Suppose -4*j - 2 = -2*j. Let k = j - -2. Determine y(k).
-3
Let c(r) be the third derivative of -r**7/840 + r**6/360 + r**5/120 - r**4/12 - r**3/2 + 2*r**2. Let t(z) be the first derivative of c(z). What is t(0)?
-2
Suppose -u + 2*a = -8, 0 = -5*u - 6*a + 2*a - 2. Let r(q) = -q**3 + q**2 - 2*q + 2. Calculate r(u).
-6
Let l = -2 - -3. Let i(x) be the third derivative of -1/4*x**4 + 1/6*x**3 + 3*x**2 + 0 + 0*x. What is i(l)?
-5
Let i(d) = d + 1. Let m(q) = -2*q - 4. Let v(r) = 4*i(r) + m(r). Determine v(-3).
-6
Let a(b) = b - 6. Let v(o) = -6. Let z(x) = 2*a(x) - 3*v(x). Determine z(-4).
-2
Let z = -11 + 13. Let x(j) = 0*j + 5 - 3*j**2 + 0*j**z - 3*j**2 + j**3 - 2*j. Calculate x(6).
-7
Suppose -6*m + m - 2 = -2*j, -4*m - 1 = -j. Let h(g) = g**2 + 0*g - j + 3*g - 2*g - 4*g. Give h(3).
-1
Let p(k) be the second derivative of k**5/20 + k**4/2 + k**3 - k**2/2 - 5*k. What is p(-5)?
-6
Let t(y) = 1 - 4*y - 2*y**2 - 23*y**3 + 22*y**3 - 5*y**2. Calculate t(-6).
-11
Let n(r) be the first derivative of 3*r**4 - r - 22. Give n(-1).
-13
Let b be (-6)/(-6) - 10/(-2). Let t(j) = -j + j + j - b. Let r(c) = c**3 - 5*c**2 - 5*c - 3. Let a be r(6). Determine t(a).
-3
Let g(k) be the first derivative of -k**4/4 + k**3/3 + k**2/2 + 2*k - 6. What is g(2)?
0
Let w(y) = 4 + 5*y + 10*y - 12*y. What is w(-4)?
-8
Let v(c) be the first derivative of c**3/3 + c + 44. Let d(m) = -m**3 - 4*m**2 + 5*m - 2. Suppose 2*w - 4 = -14. Let q be d(w). What is v(q)?
5
Let j(a) = -a + 1. Let h = -49 - -47. Give j(h).
3
Let v = -7 - -11. Let w(y) be the first derivative of 1 + 1/4*y**v + 3/2*y**2 - 4/3*y**3 + 0*y. What is w(3)?
0
Let y(z) be the third derivative of -z**8/20160 - z**7/720 + z**6/720 - z**5/30 + z**2. Let p(r) be the third derivative of y(r). What is p(-6)?
7
Let b(z) = 2*z + 1. Let f(m) = -m**3 + 2*m - 1. Let t be -1 + 3/(3/(-1)). Let u be f(t). Suppose -20 = 8*n - u*n. Give b(n).
-7
Let f(d) be the second derivative of d**7/840 + d**6/72 - d**5/60 - 7*d**4/24 - d**3/6 + 3*d. Let w(z) be the second derivative of f(z). What is w(-5)?
3
Let i(q) = -5*q + 9. Let c(w) = w. Let n(t) = -4*c(t) - i(t). Suppose -5*d + 12 = -d. Suppose 0 = -r - d*r + 20. Give n(r).
-4
Suppose 4*h - 21 = -5. Suppose -5*j + 1 = -h, 0 = 5*z + 2*j + 8. Let b(a) = 3 - 4*a**2 - a**3 + 2*a**2 - 2*a + 5*a. Determine b(z).
-3
Let z be (4/(-6))/((-2)/(-6)). Let b(k) = -k**2 - 3*k. Let m be b(z). Let q(o) be the third derivative of -o**4/24 + o**3/6 + 2*o**2. What is q(m)?
-1
Let x(a) be the first derivative of a**4/24 + a**2/2 + 1. Let i(m) be the second derivative of x(m). Let b(n) = -2*n - 31. Let s be b(-17). Determine i(s).
3
Suppose 2*l - 18 = -4. Let q(k) be the second derivative of k**3/6 + k**2/2 + 18*k. Determine q(l).
8
Let w be (-10)/(-3)*30/25. Let l = w + -2. Suppose l*b = b - 4. Let j(o) = -o + 2. Determine j(b).
6
Let k = -5 + 3. Let i be (-11)/(-2) - 1/k. Suppose -2*b + i = b. Let y(d) = -2*d + 1. What is y(b)?
-3
Let u(p) = 6*p**2 - p. Suppose 2*h - 6 = -0. Suppose 0*t - t + h = 0. Suppose c + t*c - 1 = -5*s, 3*s - 5*c - 8 = 0. What is u(s)?
5
Let y(l) = -3*l**2 - 8*l - 3. Let q(d) = -1 + 4*d + 2 - 3*d + d**2. Let z(t) = 2*q(t) + y(t). Determine z(-4).
7
Let t(f) be the first derivative of -f**4 - 4*f**3/3 - 3*f**2/2 - 2*f - 20. Calculate t(-2).
20
Let b(w) = 0 - 2*w - 1 - 44*w**2 + 43*w**2 + 0. Determine b(-3).
-4
Let o = 8 + -6. Let x = 13 + -13. Let c(t) = 0 + x + o*t + 6. Give c(-4).
-2
Let y(v) = -v**3 - 5*v**2 - 2. Let m(j) be the second derivative of j**4/12 + j**3 - 9*j**2/2 - 3*j. Let k be m(-7). Let a be k/7 + (-132)/28. Calculate y(a).
-2
Let u(o) = 32*o**2 + 10 - 13*o**2 - 18*o**2 + 10*o. What is u(-8)?
-6
Let h(d) = 2*d**2 - 23*d + 9. Let y(x) be the second derivative of x**4/12 - 11*x**3/6 + 5*x**2/2 - 4*x. Let r(c) = 4*h(c) - 9*y(c). What is r(6)?
-3
Let o(n) = n**2 + 8*n - 14. Let u be o(-10). Let m(f) = 0 - f**2 - 2 + u*f + 2*f**2 - 3*f. What is m(-3)?
-2
Let t(q) = q + 7. Let d(g) = 3*g + 15. Let n(h) = -2*d(h) + 5*t(h). Let x be (1 - ((-7)/(-2) + -2))*-12. Determine n(x).
-1
Let w(g) = 0 - 7*g + 1 - 12*g + 0. Give w(1).
-18
Suppose -k = 5*k - 24. Let l(d) = -d**3 + 3*d**2 + 4*d + 2. What is l(k)?
2
Let j(g) = -g**2 - g + 1. Suppose -10 = 2*u - a, 5*u - u + 14 = -a. Calculate j(u).
-11
Let n = -7 + -2. Let f(m) = m**2 + 7*m - 13. Let z be f(n). Let h(x) = -x**2 + 7*x - 7. What is h(z)?
3
Let o(l) = -l**3 + 4*l**2 + 2. Let j(v) = 4*v**3 - 12*v**2 - 5. Let s(t) = 2*j(t) + 7*o(t). What is s(-4)?
4
Suppose -3*p + 6 = -9. Let z(w) = -w**3 + 6*w**2 - 5*w. Calculate z(p).
0
Let d(q) be the second derivative of 2*q**3/3 + 3*q**2/2 - 8*q. Determine d(-3).
-9
Let l = 12 - 10. Suppose 0 = 2*v + 3*g + 11, 2*g = -2*v - 2*v - l. Let t(s) be the third derivative of -s**5/15 + s**4/12 - s**3/3 + s**2. Determine t(v).
-14
Let i(f) = f**2 - 7*f + 6. Suppose 3*u - 3 = 3. Suppose -3*j + 25 = 3*n - 2*j, -u*n - 3*j = -26. Let l = n + -2. Give i(l).
-4
Let l(j) = -j**3 - j + 2. Let s be 7 + (0/(-3) - -1). Let d(p) = -p + 10. Let x be d(s). Determine l(x).
-8
Let s(p) be the second derivative of -p**4/12 - 2*p**3/3 - 3*p**2/2 - 10*p. Calculate s(-5).
-8
Let b(z) = -2*z**3 + z**2 - 3*z + 2. Let l(g) = 3*g**3 - g**2 + 5*g - 3. Let o(q) = -7*b(q) - 4*l(q). Calculate o(2).
4
Let b be 4/8 - 3/(-2). Let j(o) be the second 